q**3/6 + 620*q**2. Give k(22).
-9
Let r(t) = 3*t - 1. Let d(x) = -11*x + 244. Let k be d(24). Let q be (2 - 0)*((-90)/k + -6). Give r(q).
-10
Let t(y) = 5*y - 1. Let a(s) = -14*s + 4. Let q(o) = 6*a(o) + 17*t(o). Let r be 12/3*((-399)/28 + 15). Determine q(r).
10
Let x(v) = v**3 + 7*v**2 + 7*v + 1. Suppose 392*s + 1908 + 444 = 0. Determine x(s).
-5
Let o(p) be the first derivative of 2*p**3/3 - 5*p**2 - 26*p + 5127. Determine o(8).
22
Suppose -5*j - 6*d = -12 - 50, 0 = -4*d + 8. Let m(s) be the first derivative of s**2/2 - 11*s + 68. Calculate m(j).
-1
Let l(q) be the third derivative of -61*q**4/24 - q**3/2 - 5*q**2 - 92*q + 3. What is l(0)?
-3
Suppose -b - 2*q = -6, -3 + 1 = -3*b + 2*q. Let o(v) = -5 - v - 18*v**b + 2 + 2 + 15*v**2. Let x = 227 - 228. Give o(x).
-3
Suppose -28*m + 31*m = 216. Suppose 193 = -4*t + 3*q + 484, -182 = -3*t - 5*q. Let o = t - m. Let x(k) = k**2 + 3*k + 3. Calculate x(o).
3
Suppose 0*c = 5*c - 35. Let m(y) = 3 + 377*y + 2*y**3 + 7*y**2 - 8 - 377*y - 3*y**3. What is m(c)?
-5
Let s(v) = 266*v + 7183. Let y be s(-27). Let b(c) = -29*c - 12. What is b(y)?
-41
Let j(n) = 3*n**3 + 65*n + 130. Let f(a) = -a**3 - 20*a - 40. Let z(o) = -13*f(o) - 4*j(o). Let d be -1 - ((-6)/1)/2. Give z(d).
8
Let n be ((-6)/(-10) + (-26)/10)*(-9 + 10). Let t(k) = 7*k + 6. Let h(v) = -6*v - 5. Let w(r) = 3*h(r) + 2*t(r). Calculate w(n).
5
Let l(o) be the first derivative of 3*o**3 + 1/2*o**2 - 17 + 0*o. What is l(-1)?
8
Let f(b) = 5109*b - 3 - 10226*b + 5118*b + 2 + b**2. Suppose 4*g = -y + 4*y + 16, 4*g + 4 = -2*y. Calculate f(y).
11
Suppose 0 = -23*r - 61 + 176. Let u(f) be the third derivative of r*f**2 + 0*f + 1/6*f**4 + 0 + 0*f**3. Give u(1).
4
Let q be 2/(-2) - ((-265)/(-159))/((-1)/(-3)). Let n(s) = -s**2 + 37*s + 256. What is n(q)?
-2
Let h = -62 - -68. Let z be h/(-14) - 380/(-266). Let m(s) = -20*s**3 - s**2 - s + 1. What is m(z)?
-21
Let h be 1*-18*(-7)/14. Let x(y) = 6*y - 4. Let b be x(1). Let u(j) = b + 23*j - 10*j - h*j. Determine u(2).
10
Let g(l) = -l**3 + 8*l**2 - 9*l + 3. Suppose 4*c = 3*a, -3*a - 5 = 2*c + 13. Let x(b) = -19*b - 50. Let q be x(c). Calculate g(q).
-11
Suppose 0 = 18*z - 119 + 47. Let f(r) = 12*r - 44. Determine f(z).
4
Let h(n) = -n**3 - 5*n - 12. Suppose 0 = 22*f + 4*f - 28 + 80. Calculate h(f).
6
Let g(x) = -8*x + 678. Let j(a) = -7*a + 584. Let s(m) = -6*g(m) + 7*j(m). What is s(-14)?
34
Let x = 4 + 0. Suppose v - 810 = -x*v. Let s(u) = -164*u**2 + 0*u + v*u**2 - 2*u - 1 + 4*u**3. Determine s(-1).
-5
Let v(u) = -9*u**2 - 602*u + 79. Let c be v(-67). Let m(f) = 2*f**3 - 21*f**2 - 33*f - 27. Calculate m(c).
9
Let q(n) be the third derivative of n**5/60 + 3*n**4/4 - 7*n**3/3 - 837*n**2. Give q(-15).
-59
Let x(k) = 65 - 79 + 20*k - 7*k + 0*k + 0*k. What is x(-6)?
-92
Let r(k) be the second derivative of k**5/20 - k**4/4 - k**3/6 - k**2/2 + 4*k. Let q be 1 + (-2 - 0 - 0). Let b be -3 - 4/q - 3. Give r(b).
-19
Let x(k) = -1. Suppose -10*s = 3 + 37. Let c(d) = 4*d + 5. Let w(z) = s*x(z) - c(z). What is w(1)?
-5
Let a(r) = r**3 - 5*r**2 - 6*r + 6. Suppose -34 = -3*t + n, 0 = -4*n - 4. Let o(x) = -x**3 + 11*x**2 + 2*x - 17. Let f be o(t). Calculate a(f).
-24
Suppose 0 = -5*u + 5 + 35. Let z(g) = 19*g**3 - 24*g**2 + 11*g - 46. Let m(h) = -7*h**3 + 8*h**2 - 4*h + 16. Let t(d) = 8*m(d) + 3*z(d). Determine t(u).
-2
Let r be -2*((-24)/(-4))/(-3). Let p(u) = -u**3 + 2*u**2 - 9*u + 8. What is p(r)?
-60
Suppose 216 = -i - 17*i. Let j be (1*(0 - 2))/(2/i). Let p(y) = y**2 - 13*y - 8. Determine p(j).
-20
Let s(f) = -2*f + 20. Let b be s(6). Suppose 5*w - b = -2*o + 1, -3*o = -3*w + 18. Let r(j) = 1 + 7 - 9 - j. What is r(w)?
-4
Suppose q = -4*y + 19, -y + 2*q + 9 = 2. Suppose 3*t + h = 91, -2*h = y*t - 158 + 6. Let s be ((-6)/4)/(t/(-40)). Let m(w) = -6*w**2 + 3*w. Give m(s).
-18
Let s(r) = -4*r**3 - r - r**3 + 4*r**3 + 3*r. Let n(t) = t + 6. Let p be n(-2). Suppose -2*d = p*u + d + 17, -2*u + 5 = -3*d. Determine s(u).
4
Suppose -3*w + 4*w - 25 = -2*h, -49 = -4*h - w. Let j be (-1)/(333/(-84) + 4). Let t be h/j + (-60)/7. Let z(q) = -q - 6. What is z(t)?
3
Let q be ((-7)/(-1))/((-1)/1). Let p(w) = -40*w - 69. Let c(i) = 12*i + 21. Let t(b) = 7*c(b) + 2*p(b). Give t(q).
-19
Let q(b) = -2*b**3 - 52*b**2 - 5*b + 165. Let s(z) = z**3 + 26*z**2 + 2*z - 79. Let j(t) = 4*q(t) + 9*s(t). Calculate j(-26).
1
Let b be (-36 + 0)*2/(-3) - 2. Suppose -4*k + 2*s = 62, -3*k - k - 68 = -4*s. Let g = k + b. Let t(h) = h**2 - 10*h + 9. Determine t(g).
-7
Let c(j) = j**3 + 10*j**2 - 59*j - 50. Let q be ((11 - -2)*(-98)/(-91))/(-1). Determine c(q).
-8
Let j(d) = -d - 6. Suppose -478 = 4*y - 50. Let n = -25 - y. Let w = n + -75. Give j(w).
-13
Let u(o) = -158*o + 3475. Let z be u(22). Let q(f) = 22*f + 14. Give q(z).
-8
Let w(o) = 3*o + 3. Let p = 31 - 28. Suppose -n + 12 = 3*c, p*c - 5*n - 21 = -3*n. Calculate w(c).
18
Let u(h) be the first derivative of 3*h**2/2 - 10*h - 59. Determine u(5).
5
Let b(i) = i**3 + 7*i**2 - 9*i. Suppose s = -101*x + 97*x - 24, 0 = 4*s + 3*x + 44. Determine b(s).
8
Let t(w) = -3*w - 14. Suppose 0 = -5*h - 5*l + 465, 2*h - l - 115 - 56 = 0. Suppose 0 = -3*r - 3*p + h - 85, 3*p = -2*r + 6. Determine t(r).
-5
Suppose 10 = -5*x, -11*x + 292 = 5*s - 7*x. Let d(r) = -s - 55 - 9*r + 169 + r**2 - 62. Calculate d(9).
-8
Let v(k) be the second derivative of k**4/12 - 7*k**3/6 + 2*k**2 + 2*k. Let h(w) = 4*w**2 + 10*w - 5. Let c be h(1). Give v(c).
22
Suppose 9*t - 5 = 8*t. Suppose 0 = t*o - 13 + 13. Suppose o = 9*y - 13 - 5. Let q(i) = -i**3 - i**2 + 3*i - 3. Give q(y).
-9
Let v = 154 + -150. Suppose -f + 2 = -w - v, 3*w + 3*f = 0. Let d(b) = b**2 - 5*b - 2. Determine d(w).
22
Let q(v) = v**3 + 11*v**2 - 8*v + 17. Suppose 10*c = -15*c + 5400. Suppose -128*u + c = -146*u. Determine q(u).
-31
Let w(s) be the first derivative of -s + 2 - 1/3*s**3 - 3*s**2. Suppose -2*d - 4 = 2*z, 116*z - 38 = 3*d + 111*z. Give w(d).
-1
Let i(j) be the third derivative of -j**5/60 - 29*j**4/24 + 107*j**3/3 - 4777*j**2. Calculate i(-35).
4
Suppose -3*k = 4*q - 12, 10 = 4*k + q - 6. Let t(h) = -12*h + 15. Let p(d) = 6*d - 4 + 6 - 9. Let r(a) = 5*p(a) + 2*t(a). Calculate r(k).
19
Let d(l) = -3*l + 1. Let x(w) = -11*w + 25. Let f be x(-14). Let o = 177 - f. Calculate d(o).
7
Let x be -14 - (-3 - (-7 + 3))/1. Let h(j) = j**2 + 17*j + 19. Determine h(x).
-11
Let d(j) = j**2 + 6*j - 11. Let h be d(-8). Let n(c) = 6 - 14*c - 1 + 11 + 4 + 17*c - 16. Determine n(h).
19
Let j(m) = -5*m**2 - 3*m - 1. Suppose 16*f - 63 = -v + 20*f, 0 = 4*v + 3*f - 157. Let l be (-3)/((-58)/(-30) - 2). Let t = v - l. What is j(t)?
-15
Let w(h) be the second derivative of -h**8/6720 + 31*h**5/120 - h**4/12 + 2*h**3/3 - 42*h + 1. Let j(d) be the third derivative of w(d). Calculate j(0).
31
Let a be (-11 - -4 - -4) + 3. Suppose a = 13*y - 48*y - 105. Let u(t) = t**2 + 3. Give u(y).
12
Let b(i) be the third derivative of -i**4/8 + 19*i**3/6 + 37*i**2. Let g(v) = -80*v + 968. Let o be g(12). Calculate b(o).
-5
Let a(o) = -71 + 194 - 65 + 24*o - 69. Let c(t) = 19*t - 10. Let z(p) = 6*a(p) - 7*c(p). Give z(-2).
-18
Suppose -b + 76 = 74. Let o(q) = q - 16 + 2*q**2 + 12 + b. Calculate o(-3).
13
Suppose -3*g - 6 - 4 = -2*a, -17 = -3*a + 5*g. Let n(b) be the second derivative of 3*b**5/10 - b**4/12 + b**3/6 + b**2/2 - b - 1245. Determine n(a).
-7
Let x(k) be the first derivative of k**2/2 + 8*k - 839. Calculate x(0).
8
Let x(i) = -17*i + 874. Let o be (-1424)/(-28) - (2/(-7))/(15 + -13). What is x(o)?
7
Suppose 0 = -u - 95 + 102. Let l(c) = 2*c - 3*c + 12898*c**2 + 3 + c**3 - 12905*c**2. What is l(u)?
-4
Let r(z) = 1 + 2 - 26 - 987657*z + 987654*z. Let k = 12 - 19. Give r(k).
-2
Let f(a) = a + 24. Let g be 2/(-1 + -1)*(7 + -15). Suppose -4*b = w + 45, g*b - 2*w - 24 = 10*b. Calculate f(b).
13
Let h(l) = l**3 - 6*l**2 + 2*l + 6. Let q = 18 - 20. Let w be ((-10)/(-5) - q) + 1. Give h(w).
-9
Let y(n) be the second derivative of n**5/20 + 5*n**4/12 - n**2 - 1636*n. Let r be (3 - 2)*(-5)/1. Give y(r).
-2
Let d = 5861 + -5843. Let v(t) = 3*t - 73. Give v(d).
-19
Suppose 0 = 3*g - 4*k - 24, -k - 12 + 5 = -g. Let h(n) = 5*n - 13*n + 0 + g*n + 2. Calculate h(7).
-26
Let c(b) = -6*b - 3. Let m(g) = 7*g + 4. Let h be 50/(-15)*9/(-6). Let p(t) = h*m(t) + 6*c(t). Give p(8).
-6
Let u = -8017 + 